*z**2 - 5*z - 5. Let g be i(6). Let r be b(g). What is the highest common factor of r and 8?
8
Let y = -595 - -678. What is the highest common factor of 4731 and y?
83
Suppose 0 = 5*d - 28 + 13. Suppose -9 = 3*u, 3*u = -d*g + 7*u + 156. What is the highest common divisor of g and 12?
12
Suppose 325 = 8*r - 227. Suppose -r + 9 = -4*b. What is the greatest common divisor of 60 and b?
15
Suppose -661 = -4*u + l + 15, 2*u - 320 = -4*l. Let x be 0 - 3/4*-4*7. What is the greatest common factor of u and x?
21
Let r(l) = -73*l + 8. Let y be r(-1). What is the greatest common divisor of y and 126?
9
Suppose 12*r + 12*r = 1944. What is the highest common factor of r and 216?
27
Suppose -s + 62 = -25. Let n = s - 69. Calculate the greatest common factor of 9 and n.
9
Let o be 11/(55/860)*88/32. Calculate the highest common divisor of 22 and o.
11
Let s = -175 - -241. Let i be 2/(1 + 4/(-6)). What is the highest common divisor of s and i?
6
Let g be (-8)/(-3 + (2 - 0)). Suppose -g*f = -f - 98. What is the greatest common factor of 154 and f?
14
Let t be (4/(-6))/((12/(-135))/4). Calculate the highest common factor of t and 435.
15
Suppose 0 = 6*w - 3*w. Let d(a) = -a**3 + 26 - 4*a**3 + 6*a**3 + a. Let t be d(w). What is the highest common divisor of 39 and t?
13
Suppose -4*z - 99 = -7*z. Let n(x) = x**2 - 23*x - 67. Let u be n(-3). Calculate the highest common divisor of u and z.
11
Suppose a + 17 = d, 3*d = -a - d - 32. Let x = 33 + a. What is the highest common divisor of 169 and x?
13
Suppose 0*s = -3*s. Suppose s = -2*k + 24 - 8. Let o(a) = -a**2 - 11*a + 6. Let f be o(-9). What is the highest common factor of k and f?
8
Let t(k) be the second derivative of 9*k**4/4 - k**3/2 + 3*k**2/2 - k. Let a be t(2). Suppose -3*c + 60 = c. Calculate the greatest common factor of a and c.
15
Let v = -38 - -54. Let q = v - 18. Let m be 9/(-9) - 8/q. What is the greatest common factor of 33 and m?
3
Let b = -23 + 32. Let d be 0/((-12)/(-24)*(-2)/(-1)). Suppose 0 = w - 0*s - 2*s - 7, -2*w - 4*s + 22 = d. What is the greatest common divisor of b and w?
9
Let n be 0 - 0 - 0/3. Let g be n/(0 + 8/4). Let c(k) = -k + 21. Let f be c(g). What is the highest common factor of 14 and f?
7
Let v(y) = y**2 - 3*y - 3. Let z be v(-2). Suppose 8 + 106 = 16*a + 2. What is the greatest common divisor of z and a?
7
Let k(u) = u**2 - 2*u - 6. Let a be k(-4). Suppose -5*d = -121 + 111. Calculate the greatest common divisor of a and d.
2
Let t = 9 + -5. Let q = 811 - 400. Suppose -131 = 2*x + 2*d - q, -146 = -x - t*d. Calculate the highest common factor of 23 and x.
23
Let k(x) = -x**2 - 9*x + 21. Let l(m) = 2*m**2 + 17*m - 43. Let j(f) = 13*k(f) + 6*l(f). Let g be j(-15). Calculate the highest common divisor of g and 3.
3
Let j(i) be the third derivative of -i**5/60 - 13*i**4/24 + 13*i**3/3 - 45*i**2. Let z be j(-13). Calculate the greatest common factor of z and 286.
26
Suppose -3*s - 2*s + 4*a = -73, s + 2*a = 23. Let v = 22 - s. Suppose -v*u - 22 = n - 107, -216 = -3*n - 2*u. Calculate the highest common factor of n and 10.
10
Let k be 2/(-9) + (-3650)/(-225). Calculate the greatest common divisor of k and 2.
2
Let l be 8 + (-44)/24 + 3/(-18). Suppose 3*z - 5*k - 40 = 2*z, 0 = -z - 3*k + 32. Let a = z + -17. Calculate the greatest common divisor of a and l.
6
Let v(d) = 3*d + 13. Let o be v(-5). Let i be o + -1 + 69/3. Calculate the highest common divisor of 20 and i.
20
Let x(w) = w**2 + 6*w - 7. Let s be x(4). Let q = -24 + s. Let k be 2182/22 + (-4)/22. What is the greatest common divisor of k and q?
9
Suppose 21 = 3*t - 3*d - d, t - 2*d - 7 = 0. Let u be 60/5 + -16 - -81. What is the highest common factor of u and t?
7
Let a(d) = -97*d**3 - 4*d**2 - 21*d - 39. Let y be a(-2). What is the greatest common divisor of y and 28?
7
Suppose 0 = 16*y - 15*y - 56. Let u = y - 46. Calculate the highest common divisor of u and 10.
10
Let k(z) = 51*z**2 + 11*z + 1. Let m be k(3). Calculate the highest common divisor of 29 and m.
29
Suppose -3*s + 440 = 5*s. What is the greatest common divisor of 440 and s?
55
Let u(f) = f**2 - 28*f + 202. Let r be u(16). What is the highest common divisor of 180 and r?
10
Suppose 0 = 15*w - 13*w - 46. Let n be (-1 + w)/(3/6). Calculate the highest common factor of 11 and n.
11
Let w be 0*((-9)/(-3))/6. Suppose 4*o = -j + 133, 2*o + j + w*j - 69 = 0. What is the greatest common divisor of o and 64?
32
Let m be 5/((42/(-12) + 3)*-2). Let o = -1 - -6. What is the greatest common divisor of o and m?
5
Let c(w) = 51*w + 90. Let s be c(6). What is the highest common factor of 9 and s?
9
Let g = 633 + -593. What is the highest common factor of 140 and g?
20
Let t = -181 - -301. Suppose -200 = -8*n - 2*n. Calculate the greatest common divisor of t and n.
20
Suppose 5*l + 10 = 2*o - 10, -2*o + 3*l = -16. Suppose 5*i = -0*i + 4*p + 175, 64 = i + o*p. Calculate the greatest common factor of i and 13.
13
Let h(z) = -z + 7. Let y be h(0). Suppose 2*u = y*u. Suppose -4*q - 53 = -3*p, -p - 3*p - 5*q + 50 = u. What is the highest common divisor of 15 and p?
15
Let q(u) = -3*u + 12*u + 11*u - 4*u - 12. Let y be q(9). Calculate the greatest common factor of 12 and y.
12
Let w(c) = 38*c - 770. Let f be w(27). Calculate the highest common divisor of f and 64.
64
Suppose 0 = -2*h - 5*j + 5, 0*j - 3*j = -4*h - 3. Suppose h = -2*d - 2*d + 56. What is the greatest common factor of 14 and d?
14
Let o(b) = 13*b - 33. Let r be o(3). Let y = -1 - -1. Suppose 5*q + 25 = y, -52 = -0*g - 4*g - 4*q. Calculate the greatest common divisor of r and g.
6
Let t be (-95 + 91)/((-1)/11). Calculate the highest common factor of 462 and t.
22
Let p be 2/(108/(-30) + 4). Calculate the highest common divisor of p and 5.
5
Suppose 0 = 50*g + 792 - 2892. Let s = -34 + 62. What is the greatest common divisor of s and g?
14
Suppose 3*q - q - 108 = 0. Let h be (-192)/(-20) + 2/5. Let x(r) = r**2 - 6*r - 4. Let g be x(h). Calculate the greatest common factor of g and q.
18
Let b be 0 - 2 - (2 - 5) - 2. Let u = b + 8. Calculate the greatest common factor of u and 7.
7
Let h = 22 + -1. Let x(y) = -y**3 + 12*y**2 + 3*y + 4. Let c be x(12). Let o = c + -26. Calculate the highest common divisor of h and o.
7
Let r = -40 - -36. Let n be r/(-10) - 214/10. Let u = 33 + n. Calculate the greatest common divisor of 48 and u.
12
Let k = -1037 + 1093. What is the highest common divisor of k and 238?
14
Suppose -4*p + 27 = 3*o, -6*p = -p - 4*o - 57. What is the highest common divisor of 927 and p?
9
Let a(f) = -f**3 - 7*f**2 + 5*f - 19. Suppose 35 - 3 = -4*g. Let q be a(g). What is the highest common divisor of 2 and q?
1
Let t be (-458)/(-22) - (-12)/66. Let a(p) = -3*p - 4. Let s be a(-4). Let m = s - 1. What is the greatest common divisor of t and m?
7
Suppose -4*g = -10*g + 198. What is the greatest common divisor of g and 264?
33
Let b = -75 + 77. Suppose 8*f - 90 = b*f. Calculate the highest common divisor of f and 45.
15
Let s be (-150)/(-5) + (0 - 0). Suppose -s*j + 168 = -23*j. What is the highest common divisor of 3 and j?
3
Let g be -2*((-2)/(-3))/(24/(-18)). Suppose r = -5*k + 6, -2*k = -2*r - 2*r + 2. What is the highest common factor of g and k?
1
Suppose -5*z + 208 = -52. Suppose -5*u + 203 + z = 0. Suppose -3*h = -0*h - s - 106, 3*s = 3*h - 114. What is the highest common divisor of h and u?
17
Let z be 1 + (-1)/(3/3). Let y = z - -2. Suppose -4*x = y + 10, -2*w + 47 = -5*x. Calculate the greatest common divisor of w and 2.
2
Let f be ((-4)/6)/(3/(-180)*2). Calculate the highest common factor of 32 and f.
4
Let f(k) = -35*k + 51. Let z be f(-6). Calculate the greatest common factor of 696 and z.
87
Let o(q) = -12*q - 4. Let g be o(-2). Suppose -l + 1 + 1 = 0. Suppose -3*s + 2*r + 210 = -l*s, 1095 = 5*s - r. Calculate the greatest common divisor of g and s.
20
Suppose -2*x - 20 = -3*x. Suppose 2*r - r = -3*s + 17, -2*s = -r - 8. Suppose -587 - 113 = -s*i. What is the greatest common factor of x and i?
20
Let v = -404 - -419. Calculate the greatest common divisor of v and 55.
5
Let t(n) = -9*n. Let q be t(-1). Suppose 4*i + 2*o = 6, 7*o + q = -i + 3*o. What is the highest common factor of 12 and i?
3
Let l(u) = u**2 - u - 4. Let c be l(-3). Suppose 0*f + c = f. Calculate the greatest common factor of 